{"id":306,"date":"2019-01-10T19:43:04","date_gmt":"2019-01-10T19:43:04","guid":{"rendered":"https:\/\/www.capacitacionkeila.com\/site\/?page_id=306"},"modified":"2020-03-30T08:33:44","modified_gmt":"2020-03-30T15:33:44","slug":"operacion-segura-de-montacargas","status":"publish","type":"page","link":"https:\/\/capacitacionkeila.com\/site\/operacion-segura-de-montacargas\/","title":{"rendered":"Operaci\u00f3n Segura de Montacargas"},"content":{"rendered":"\n\n\n[et_pb_section fb_built=\u00bb1&#8243; _builder_version=\u00bb3.19.3&#8243; background_color=\u00bb#2c2c2c\u00bb custom_padding=\u00bb0|0px|0|0px|false|false\u00bb][et_pb_row custom_padding=\u00bb0|0px|0|0px|false|false\u00bb _builder_version=\u00bb3.19.3&#8243;][et_pb_column type=\u00bb4_4&#8243; _builder_version=\u00bb3.19.3&#8243; parallax=\u00bboff\u00bb parallax_method=\u00bbon\u00bb][et_pb_post_title meta=\u00bboff\u00bb featured_image=\u00bboff\u00bb _builder_version=\u00bb3.19.4&#8243; title_font=\u00bbOswald||||||||\u00bb title_text_align=\u00bbcenter\u00bb title_text_color=\u00bbrgba(255,255,255,0.57)\u00bb title_font_size=\u00bb36px\u00bb custom_margin=\u00bb10px||\u00bb animation_style=\u00bbslide\u00bb][\/et_pb_post_title][\/et_pb_column][\/et_pb_row][\/et_pb_section][et_pb_section fb_built=\u00bb1&#8243; prev_background_color=\u00bb#2c2c2c\u00bb next_background_color=\u00bb#ffffff\u00bb _builder_version=\u00bb3.19.4&#8243; background_image=\u00bbhttps:\/\/www.capacitacionkeila.com\/site\/wp-content\/uploads\/2019\/01\/montacargas19.jpg\u00bb parallax=\u00bbon\u00bb parallax_method=\u00bboff\u00bb background_video_mp4=\u00bbhttps:\/\/www.capacitacionkeila.com\/site\/wp-content\/uploads\/2019\/01\/montacargas-header.mp4&#8243; custom_padding=\u00bb200px|0px|200px|0px|true|false\u00bb top_divider_style=\u00bbarrow2&#8243; bottom_divider_style=\u00bbarrow2&#8243;][et_pb_row _builder_version=\u00bb3.19.3&#8243;][et_pb_column type=\u00bb4_4&#8243; _builder_version=\u00bb3.19.3&#8243; parallax=\u00bboff\u00bb parallax_method=\u00bbon\u00bb][\/et_pb_column][\/et_pb_row][\/et_pb_section][et_pb_section fb_built=\u00bb1&#8243; _builder_version=\u00bb3.19.3&#8243; custom_padding=\u00bb0|0px|0|0px|false|false\u00bb][et_pb_row make_fullwidth=\u00bbon\u00bb _builder_version=\u00bb3.19.3&#8243; module_alignment=\u00bbcenter\u00bb][et_pb_column type=\u00bb1_2&#8243; _builder_version=\u00bb3.19.3&#8243; parallax=\u00bboff\u00bb parallax_method=\u00bbon\u00bb][et_pb_blurb title=\u00bbObjetivo\u00bb use_icon=\u00bbon\u00bb font_icon=\u00bb%%111%%\u00bb icon_placement=\u00bbleft\u00bb use_icon_font_size=\u00bbon\u00bb icon_font_size=\u00bb64px\u00bb _builder_version=\u00bb3.19.4&#8243; header_font=\u00bbOswald||||||||\u00bb header_font_size=\u00bb24px\u00bb body_font=\u00bb||||||||\u00bb body_font_size=\u00bb16px\u00bb text_orientation=\u00bbjustified\u00bb]<ul>\n<li><span>Entrenar y evaluar para la operaci\u00f3n segura de montacargas.<\/span><br \/><span><\/span><\/li>\n<li><span>Ayudar a las organizaciones a contar con operadores con competencia para la operaci\u00f3n de montacargas.<\/span><\/li>\n<\/ul>\n[\/et_pb_blurb][\/et_pb_column][et_pb_column type=\u00bb1_2&#8243; _builder_version=\u00bb3.19.3&#8243; parallax=\u00bboff\u00bb parallax_method=\u00bbon\u00bb][et_pb_blurb title=\u00bbDirigido a\u00bb use_icon=\u00bbon\u00bb font_icon=\u00bb%%259%%\u00bb icon_placement=\u00bbleft\u00bb use_icon_font_size=\u00bbon\u00bb icon_font_size=\u00bb64px\u00bb _builder_version=\u00bb3.19.4&#8243; header_font=\u00bbOswald||||||||\u00bb header_font_size=\u00bb24px\u00bb body_font=\u00bb||||||||\u00bb body_font_size=\u00bb16px\u00bb text_orientation=\u00bbjustified\u00bb]<p>Operadores de montacargas (principiantes o con experiencia), responsables de seguridad y almacenistas.<\/p>\n[\/et_pb_blurb][\/et_pb_column][\/et_pb_row][et_pb_row make_fullwidth=\u00bbon\u00bb _builder_version=\u00bb3.19.3&#8243; module_alignment=\u00bbcenter\u00bb][et_pb_column type=\u00bb1_2&#8243; _builder_version=\u00bb3.19.3&#8243; parallax=\u00bboff\u00bb parallax_method=\u00bbon\u00bb][et_pb_blurb title=\u00bbContenido tem\u00e1tico\u00bb use_icon=\u00bbon\u00bb font_icon=\u00bb%%71%%\u00bb icon_placement=\u00bbleft\u00bb use_icon_font_size=\u00bbon\u00bb icon_font_size=\u00bb64px\u00bb _builder_version=\u00bb3.19.4&#8243; header_font=\u00bbOswald||||||||\u00bb header_font_size=\u00bb24px\u00bb body_font=\u00bb||||||||\u00bb body_font_size=\u00bb16px\u00bb text_orientation=\u00bbjustified\u00bb]<ul>\n<li>Seguridad en el traslado y operaci\u00f3n de montacargas.<\/li>\n<li>Inspecci\u00f3n del montacargas.<\/li>\n<li>Maniobras utilizando montacargas e identificaci\u00f3n del tipo de carga.<\/li>\n<li>Buenas pr\u00e1cticas en la operaci\u00f3n del montacargas.<\/li>\n<\/ul>\n[\/et_pb_blurb][\/et_pb_column][et_pb_column type=\u00bb1_2&#8243; _builder_version=\u00bb3.19.3&#8243; parallax=\u00bboff\u00bb parallax_method=\u00bbon\u00bb][et_pb_blurb title=\u00bbDuraci\u00f3n\u00bb use_icon=\u00bbon\u00bb font_icon=\u00bb%%227%%\u00bb icon_placement=\u00bbleft\u00bb use_icon_font_size=\u00bbon\u00bb icon_font_size=\u00bb64px\u00bb _builder_version=\u00bb3.19.4&#8243; header_font=\u00bbOswald||||||||\u00bb header_font_size=\u00bb24px\u00bb body_font=\u00bb||||||||\u00bb body_font_size=\u00bb16px\u00bb text_orientation=\u00bbjustified\u00bb]<p><span>El programa consta de 8 horas distribuidas de la siguiente manera:<\/span><br \/><span><\/span><\/p>\n<ul>\n<li><span>Capacitaci\u00f3n te\u00f3rica o 5 horas.<\/span><br \/><span><\/span><\/li>\n<li><span>Pr\u00e1ctica y evaluaci\u00f3n o 3 horas.<\/span><\/li>\n<\/ul>\n[\/et_pb_blurb][\/et_pb_column][\/et_pb_row][et_pb_row make_fullwidth=\u00bbon\u00bb _builder_version=\u00bb3.19.3&#8243; module_alignment=\u00bbcenter\u00bb][et_pb_column type=\u00bb1_2&#8243; _builder_version=\u00bb3.19.3&#8243; parallax=\u00bboff\u00bb parallax_method=\u00bbon\u00bb][et_pb_blurb title=\u00bbCupo\u00bb use_icon=\u00bbon\u00bb font_icon=\u00bb%%112%%\u00bb icon_placement=\u00bbleft\u00bb use_icon_font_size=\u00bbon\u00bb icon_font_size=\u00bb64px\u00bb _builder_version=\u00bb3.19.3&#8243; header_font=\u00bbOswald||||||||\u00bb header_font_size=\u00bb24px\u00bb body_font=\u00bb||||||||\u00bb body_font_size=\u00bb16px\u00bb text_orientation=\u00bbjustified\u00bb]<p>Adaptable a las necesidades de la empresa solicitante.<\/p>[\/et_pb_blurb][\/et_pb_column][et_pb_column type=\u00bb1_2&#8243; _builder_version=\u00bb3.19.3&#8243; parallax=\u00bboff\u00bb parallax_method=\u00bbon\u00bb][\/et_pb_column][\/et_pb_row][\/et_pb_section][et_pb_section fb_built=\u00bb1&#8243; prev_background_color=\u00bb#ffffff\u00bb next_background_color=\u00bb#2c2c2c\u00bb _builder_version=\u00bb3.19.4&#8243; background_image=\u00bbhttps:\/\/www.capacitacionkeila.com\/site\/wp-content\/uploads\/2019\/01\/montacargas13.jpg\u00bb parallax=\u00bbon\u00bb parallax_method=\u00bboff\u00bb custom_padding=\u00bb169px|0px|169px|0px|true|false\u00bb top_divider_style=\u00bbarrow2&#8243; bottom_divider_style=\u00bbarrow2&#8243;][et_pb_row _builder_version=\u00bb3.19.3&#8243;][et_pb_column type=\u00bb4_4&#8243; _builder_version=\u00bb3.19.3&#8243; parallax=\u00bboff\u00bb parallax_method=\u00bbon\u00bb][\/et_pb_column][\/et_pb_row][\/et_pb_section][et_pb_section fb_built=\u00bb1&#8243; _builder_version=\u00bb3.19.3&#8243; background_color=\u00bb#2c2c2c\u00bb custom_padding=\u00bb54px|0px|0|0px|false|false\u00bb global_module=\u00bb139&#8243; saved_tabs=\u00bball\u00bb][et_pb_row make_fullwidth=\u00bbon\u00bb _builder_version=\u00bb3.19.3&#8243;][et_pb_column type=\u00bb1_4&#8243; _builder_version=\u00bb3.19.3&#8243; parallax=\u00bboff\u00bb parallax_method=\u00bbon\u00bb][et_pb_blurb title=\u00bbCont\u00e1ctenos\u00bb use_icon=\u00bbon\u00bb font_icon=\u00bb%%264%%\u00bb icon_placement=\u00bbleft\u00bb use_icon_font_size=\u00bbon\u00bb icon_font_size=\u00bb32px\u00bb _builder_version=\u00bb3.19.3&#8243; header_font=\u00bbOswald||||||||\u00bb header_text_color=\u00bbrgba(255,255,255,0.7)\u00bb header_font_size=\u00bb24px\u00bb body_font=\u00bb||||||||\u00bb body_text_color=\u00bbrgba(255,255,255,0.7)\u00bb custom_margin=\u00bb||14px\u00bb][\/et_pb_blurb][et_pb_button button_url=\u00bbtel:6144824444&#8243; url_new_window=\u00bbon\u00bb button_text=\u00bb614 482 4444&#8243; button_alignment=\u00bbleft\u00bb _builder_version=\u00bb3.19.3&#8243; custom_button=\u00bbon\u00bb button_text_size=\u00bb18px\u00bb button_text_color=\u00bb#ffffff\u00bb button_bg_color=\u00bb#962649&#8243; button_border_width=\u00bb0px\u00bb button_border_color=\u00bb#6d6e71&#8243; button_font=\u00bb||||||||\u00bb button_icon=\u00bb%%264%%\u00bb button_icon_color=\u00bb#ffffff\u00bb button_icon_placement=\u00bbleft\u00bb custom_margin=\u00bb|||16px\u00bb][\/et_pb_button][\/et_pb_column][et_pb_column type=\u00bb1_4&#8243; _builder_version=\u00bb3.19.3&#8243; parallax=\u00bboff\u00bb parallax_method=\u00bbon\u00bb][et_pb_blurb title=\u00bbUbicaci\u00f3n\u00bb use_icon=\u00bbon\u00bb font_icon=\u00bb%%251%%\u00bb icon_placement=\u00bbleft\u00bb use_icon_font_size=\u00bbon\u00bb icon_font_size=\u00bb32px\u00bb _builder_version=\u00bb3.19.3&#8243; header_font=\u00bbOswald||||||||\u00bb header_text_color=\u00bbrgba(255,255,255,0.7)\u00bb header_font_size=\u00bb24px\u00bb body_font=\u00bb||||||||\u00bb body_text_color=\u00bbrgba(255,255,255,0.7)\u00bb]<p>Av. Ignacio Zaragoza 2903, Zona Industrial Nombre de Dios Chihuahua, Chihuahua 31105<\/p>[\/et_pb_blurb][\/et_pb_column][et_pb_column type=\u00bb1_4&#8243; _builder_version=\u00bb3.19.3&#8243; parallax=\u00bboff\u00bb parallax_method=\u00bbon\u00bb][et_pb_blurb title=\u00bbCursos\u00bb use_icon=\u00bbon\u00bb font_icon=\u00bb%%16%%\u00bb icon_placement=\u00bbleft\u00bb use_icon_font_size=\u00bbon\u00bb icon_font_size=\u00bb32px\u00bb _builder_version=\u00bb3.19.4&#8243; header_font=\u00bbOswald||||||||\u00bb header_text_color=\u00bbrgba(255,255,255,0.7)\u00bb header_font_size=\u00bb24px\u00bb body_font=\u00bb|||on|||||\u00bb body_text_color=\u00bb#962649&#8243;]<ul>\n<li><a href=\"https:\/\/www.capacitacionkeila.com\/site\/cursos-de-seguridad\/\">Seguridad<\/a><\/li>\n<li><a href=\"https:\/\/www.capacitacionkeila.com\/site\/cursos-de-proteccion-civil\/\">Protecci\u00f3n Civil<\/a><\/li>\n<li><a href=\"https:\/\/www.capacitacionkeila.com\/site\/cursos-de-desarrollo-de-capital-humano\/\">Capital Humano<\/a><\/li>\n<\/ul>[\/et_pb_blurb][\/et_pb_column][et_pb_column type=\u00bb1_4&#8243; _builder_version=\u00bb3.19.3&#8243; parallax=\u00bboff\u00bb parallax_method=\u00bbon\u00bb][et_pb_image src=\u00bbhttps:\/\/www.capacitacionkeila.com\/site\/wp-content\/uploads\/2019\/01\/grupo-keila.png\u00bb url=\u00bbhttp:\/\/www.grupokeila.com\u00bb align=\u00bbcenter\u00bb _builder_version=\u00bb3.19.4&#8243; max_width=\u00bb60%\u00bb][\/et_pb_image][et_pb_image src=\u00bbhttps:\/\/www.capacitacionkeila.com\/site\/wp-content\/uploads\/2019\/01\/conocer.png\u00bb align=\u00bbcenter\u00bb _builder_version=\u00bb3.19.3&#8243; max_width=\u00bb60%\u00bb][\/et_pb_image][\/et_pb_column][\/et_pb_row][\/et_pb_section]\n\n\n","protected":false},"excerpt":{"rendered":"","protected":false},"author":1,"featured_media":0,"parent":0,"menu_order":0,"comment_status":"closed","ping_status":"closed","template":"","meta":{"_et_pb_use_builder":"on","_et_pb_old_content":"","_et_gb_content_width":"","inline_featured_image":false},"yoast_head":"<!-- This site is optimized with the Yoast SEO plugin v20.6 - https:\/\/yoast.com\/wordpress\/plugins\/seo\/ -->\n<title>\u2705Curso de Manejo de Montacargas en Chihuahua<\/title>\n<meta name=\"description\" content=\"Curso de Manejo de Montacargas. Curso te\u00f3rico y pr\u00e1ctico para la operaci\u00f3n segura de Montacargas. Ofrecemos Cursos Online y Presenciales en Chihuahua.\" \/>\n<meta name=\"robots\" content=\"index, follow, max-snippet:-1, max-image-preview:large, max-video-preview:-1\" \/>\n<link rel=\"canonical\" href=\"https:\/\/capacitacionkeila.com\/site\/operacion-segura-de-montacargas\/\" \/>\n<meta property=\"og:locale\" content=\"es_ES\" \/>\n<meta property=\"og:type\" content=\"article\" \/>\n<meta property=\"og:title\" content=\"\u2705Curso de Manejo de Montacargas en Chihuahua\" \/>\n<meta property=\"og:description\" content=\"Curso de Manejo de Montacargas. Curso te\u00f3rico y pr\u00e1ctico para la operaci\u00f3n segura de Montacargas. Ofrecemos Cursos Online y Presenciales en Chihuahua.\" \/>\n<meta property=\"og:url\" content=\"https:\/\/capacitacionkeila.com\/site\/operacion-segura-de-montacargas\/\" \/>\n<meta property=\"og:site_name\" content=\"CE Keila\" \/>\n<meta property=\"article:publisher\" content=\"https:\/\/www.facebook.com\/CEKEILACUU\/\" \/>\n<meta property=\"article:modified_time\" content=\"2020-03-30T15:33:44+00:00\" \/>\n<meta name=\"twitter:card\" content=\"summary_large_image\" \/>\n<meta name=\"twitter:label1\" content=\"Tiempo de lectura\" \/>\n\t<meta name=\"twitter:data1\" content=\"5 minutos\" \/>\n<script type=\"application\/ld+json\" class=\"yoast-schema-graph\">{\"@context\":\"https:\/\/schema.org\",\"@graph\":[{\"@type\":\"WebPage\",\"@id\":\"https:\/\/capacitacionkeila.com\/site\/operacion-segura-de-montacargas\/\",\"url\":\"https:\/\/capacitacionkeila.com\/site\/operacion-segura-de-montacargas\/\",\"name\":\"\u2705Curso de Manejo de Montacargas en Chihuahua\",\"isPartOf\":{\"@id\":\"https:\/\/capacitacionkeila.com\/site\/#website\"},\"datePublished\":\"2019-01-10T19:43:04+00:00\",\"dateModified\":\"2020-03-30T15:33:44+00:00\",\"description\":\"Curso de Manejo de Montacargas. Curso te\u00f3rico y pr\u00e1ctico para la operaci\u00f3n segura de Montacargas. Ofrecemos Cursos Online y Presenciales en Chihuahua.\",\"breadcrumb\":{\"@id\":\"https:\/\/capacitacionkeila.com\/site\/operacion-segura-de-montacargas\/#breadcrumb\"},\"inLanguage\":\"es\",\"potentialAction\":[{\"@type\":\"ReadAction\",\"target\":[\"https:\/\/capacitacionkeila.com\/site\/operacion-segura-de-montacargas\/\"]}]},{\"@type\":\"BreadcrumbList\",\"@id\":\"https:\/\/capacitacionkeila.com\/site\/operacion-segura-de-montacargas\/#breadcrumb\",\"itemListElement\":[{\"@type\":\"ListItem\",\"position\":1,\"name\":\"Portada\",\"item\":\"https:\/\/capacitacionkeila.com\/site\/\"},{\"@type\":\"ListItem\",\"position\":2,\"name\":\"Operaci\u00f3n Segura de Montacargas\"}]},{\"@type\":\"WebSite\",\"@id\":\"https:\/\/capacitacionkeila.com\/site\/#website\",\"url\":\"https:\/\/capacitacionkeila.com\/site\/\",\"name\":\"CE Keila\",\"description\":\"Cursos de Capacitaci\u00f3n\",\"publisher\":{\"@id\":\"https:\/\/capacitacionkeila.com\/site\/#organization\"},\"potentialAction\":[{\"@type\":\"SearchAction\",\"target\":{\"@type\":\"EntryPoint\",\"urlTemplate\":\"https:\/\/capacitacionkeila.com\/site\/?s={search_term_string}\"},\"query-input\":\"required name=search_term_string\"}],\"inLanguage\":\"es\"},{\"@type\":\"Organization\",\"@id\":\"https:\/\/capacitacionkeila.com\/site\/#organization\",\"name\":\"Capacitacion Keila\",\"url\":\"https:\/\/capacitacionkeila.com\/site\/\",\"logo\":{\"@type\":\"ImageObject\",\"inLanguage\":\"es\",\"@id\":\"https:\/\/capacitacionkeila.com\/site\/#\/schema\/logo\/image\/\",\"url\":\"https:\/\/capacitacionkeila.com\/site\/site\/wp-content\/uploads\/2020\/01\/Ce-Keila.Oficial-Sin-Fondo.png\",\"contentUrl\":\"https:\/\/capacitacionkeila.com\/site\/site\/wp-content\/uploads\/2020\/01\/Ce-Keila.Oficial-Sin-Fondo.png\",\"width\":3300,\"height\":2550,\"caption\":\"Capacitacion Keila\"},\"image\":{\"@id\":\"https:\/\/capacitacionkeila.com\/site\/#\/schema\/logo\/image\/\"},\"sameAs\":[\"https:\/\/www.facebook.com\/CEKEILACUU\/\",\"https:\/\/www.instagram.com\/ce_keila\/\",\"https:\/\/www.linkedin.com\/company\/14844642\/admin\/\"]}]}<\/script>\n<!-- \/ Yoast SEO plugin. -->","yoast_head_json":{"title":"\u2705Curso de Manejo de Montacargas en Chihuahua","description":"Curso de Manejo de Montacargas. Curso te\u00f3rico y pr\u00e1ctico para la operaci\u00f3n segura de Montacargas. Ofrecemos Cursos Online y Presenciales en Chihuahua.","robots":{"index":"index","follow":"follow","max-snippet":"max-snippet:-1","max-image-preview":"max-image-preview:large","max-video-preview":"max-video-preview:-1"},"canonical":"https:\/\/capacitacionkeila.com\/site\/operacion-segura-de-montacargas\/","og_locale":"es_ES","og_type":"article","og_title":"\u2705Curso de Manejo de Montacargas en Chihuahua","og_description":"Curso de Manejo de Montacargas. Curso te\u00f3rico y pr\u00e1ctico para la operaci\u00f3n segura de Montacargas. Ofrecemos Cursos Online y Presenciales en Chihuahua.","og_url":"https:\/\/capacitacionkeila.com\/site\/operacion-segura-de-montacargas\/","og_site_name":"CE Keila","article_publisher":"https:\/\/www.facebook.com\/CEKEILACUU\/","article_modified_time":"2020-03-30T15:33:44+00:00","twitter_card":"summary_large_image","twitter_misc":{"Tiempo de lectura":"5 minutos"},"schema":{"@context":"https:\/\/schema.org","@graph":[{"@type":"WebPage","@id":"https:\/\/capacitacionkeila.com\/site\/operacion-segura-de-montacargas\/","url":"https:\/\/capacitacionkeila.com\/site\/operacion-segura-de-montacargas\/","name":"\u2705Curso de Manejo de Montacargas en Chihuahua","isPartOf":{"@id":"https:\/\/capacitacionkeila.com\/site\/#website"},"datePublished":"2019-01-10T19:43:04+00:00","dateModified":"2020-03-30T15:33:44+00:00","description":"Curso de Manejo de Montacargas. Curso te\u00f3rico y pr\u00e1ctico para la operaci\u00f3n segura de Montacargas. Ofrecemos Cursos Online y Presenciales en Chihuahua.","breadcrumb":{"@id":"https:\/\/capacitacionkeila.com\/site\/operacion-segura-de-montacargas\/#breadcrumb"},"inLanguage":"es","potentialAction":[{"@type":"ReadAction","target":["https:\/\/capacitacionkeila.com\/site\/operacion-segura-de-montacargas\/"]}]},{"@type":"BreadcrumbList","@id":"https:\/\/capacitacionkeila.com\/site\/operacion-segura-de-montacargas\/#breadcrumb","itemListElement":[{"@type":"ListItem","position":1,"name":"Portada","item":"https:\/\/capacitacionkeila.com\/site\/"},{"@type":"ListItem","position":2,"name":"Operaci\u00f3n Segura de Montacargas"}]},{"@type":"WebSite","@id":"https:\/\/capacitacionkeila.com\/site\/#website","url":"https:\/\/capacitacionkeila.com\/site\/","name":"CE Keila","description":"Cursos de Capacitaci\u00f3n","publisher":{"@id":"https:\/\/capacitacionkeila.com\/site\/#organization"},"potentialAction":[{"@type":"SearchAction","target":{"@type":"EntryPoint","urlTemplate":"https:\/\/capacitacionkeila.com\/site\/?s={search_term_string}"},"query-input":"required name=search_term_string"}],"inLanguage":"es"},{"@type":"Organization","@id":"https:\/\/capacitacionkeila.com\/site\/#organization","name":"Capacitacion Keila","url":"https:\/\/capacitacionkeila.com\/site\/","logo":{"@type":"ImageObject","inLanguage":"es","@id":"https:\/\/capacitacionkeila.com\/site\/#\/schema\/logo\/image\/","url":"https:\/\/capacitacionkeila.com\/site\/site\/wp-content\/uploads\/2020\/01\/Ce-Keila.Oficial-Sin-Fondo.png","contentUrl":"https:\/\/capacitacionkeila.com\/site\/site\/wp-content\/uploads\/2020\/01\/Ce-Keila.Oficial-Sin-Fondo.png","width":3300,"height":2550,"caption":"Capacitacion Keila"},"image":{"@id":"https:\/\/capacitacionkeila.com\/site\/#\/schema\/logo\/image\/"},"sameAs":["https:\/\/www.facebook.com\/CEKEILACUU\/","https:\/\/www.instagram.com\/ce_keila\/","https:\/\/www.linkedin.com\/company\/14844642\/admin\/"]}]}},"_links":{"self":[{"href":"https:\/\/capacitacionkeila.com\/site\/wp-json\/wp\/v2\/pages\/306"}],"collection":[{"href":"https:\/\/capacitacionkeila.com\/site\/wp-json\/wp\/v2\/pages"}],"about":[{"href":"https:\/\/capacitacionkeila.com\/site\/wp-json\/wp\/v2\/types\/page"}],"author":[{"embeddable":true,"href":"https:\/\/capacitacionkeila.com\/site\/wp-json\/wp\/v2\/users\/1"}],"replies":[{"embeddable":true,"href":"https:\/\/capacitacionkeila.com\/site\/wp-json\/wp\/v2\/comments?post=306"}],"version-history":[{"count":4,"href":"https:\/\/capacitacionkeila.com\/site\/wp-json\/wp\/v2\/pages\/306\/revisions"}],"predecessor-version":[{"id":1071,"href":"https:\/\/capacitacionkeila.com\/site\/wp-json\/wp\/v2\/pages\/306\/revisions\/1071"}],"wp:attachment":[{"href":"https:\/\/capacitacionkeila.com\/site\/wp-json\/wp\/v2\/media?parent=306"}],"curies":[{"name":"wp","href":"https:\/\/api.w.org\/{rel}","templated":true}]}}